of 231165?
1
What is the ten millions digit of 10250756?
1
What is the thousands digit of 18687651?
7
What is the ten thousands digit of 2521608?
2
What is the units digit of 1551094?
4
What is the ten thousands digit of 660680?
6
What is the hundred thousands digit of 7519069?
5
What is the hundreds digit of 310666?
6
What is the thousands digit of 216534?
6
What is the tens digit of 1020822?
2
What is the ten thousands digit of 29574861?
7
What is the hundred thousands digit of 1158874?
1
What is the units digit of 7467149?
9
What is the thousands digit of 134105?
4
What is the thousands digit of 314269?
4
What is the tens digit of 129933?
3
What is the ten thousands digit of 7762815?
6
What is the tens digit of 2720547?
4
What is the tens digit of 347395?
9
What is the thousands digit of 14716960?
6
What is the thousands digit of 807376?
7
What is the units digit of 193694?
4
What is the thousands digit of 31236?
1
What is the ten thousands digit of 611343?
1
What is the ten millions digit of 15203310?
1
What is the tens digit of 194342?
4
What is the tens digit of 680444?
4
What is the thousands digit of 716526?
6
What is the thousands digit of 1841763?
1
What is the tens digit of 437818?
1
What is the thousands digit of 547742?
7
What is the hundred thousands digit of 6678326?
6
What is the hundreds digit of 113100?
1
What is the ten thousands digit of 6000894?
0
What is the units digit of 2999421?
1
What is the hundreds digit of 700145?
1
What is the units digit of 493662?
2
What is the tens digit of 53127?
2
What is the millions digit of 1230985?
1
What is the hundreds digit of 611874?
8
What is the thousands digit of 761443?
1
What is the hundreds digit of 1198490?
4
What is the hundred thousands digit of 566862?
5
What is the hundreds digit of 195684?
6
What is the ten thousands digit of 1369502?
6
What is the tens digit of 10417786?
8
What is the units digit of 33810063?
3
What is the hundred thousands digit of 5851000?
8
What is the ten thousands digit of 9447042?
4
What is the units digit of 11210517?
7
What is the tens digit of 2964884?
8
What is the hundred thousands digit of 2097893?
0
What is the hundred thousands digit of 385749?
3
What is the hundred thousands digit of 11300034?
3
What is the units digit of 2217128?
8
What is the hundreds digit of 565691?
6
What is the units digit of 1334467?
7
What is the thousands digit of 965902?
5
What is the thousands digit of 458328?
8
What is the hundred thousands digit of 450545?
4
What is the units digit of 3296522?
2
What is the thousands digit of 138714?
8
What is the hundreds digit of 18204?
2
What is the thousands digit of 6224120?
4
What is the units digit of 259293?
3
What is the hundreds digit of 3776470?
4
What is the units digit of 57275?
5
What is the hundreds digit of 180918?
9
What is the hundreds digit of 773829?
8
What is the millions digit of 2037561?
2
What is the hundreds digit of 1841309?
3
What is the ten thousands digit of 6328636?
2
What is the ten thousands digit of 179895?
7
What is the thousands digit of 2029222?
9
What is the hundreds digit of 18871097?
0
What is the units digit of 1782521?
1
What is the millions digit of 1167867?
1
What is the thousands digit of 24632914?
2
What is the tens digit of 1309962?
6
What is the ten thousands digit of 3607903?
0
What is the units digit of 181564?
4
What is the ten thousands digit of 2561210?
6
What is the hundred thousands digit of 137653?
1
What is the hundred thousands digit of 294306?
2
What is the hundred thousands digit of 617045?
6
What is the ten thousands digit of 3218075?
1
What is the tens digit of 4686904?
0
What is the units digit of 7083793?
3
What is the hundreds digit of 816172?
1
What is the thousands digit of 17847?
7
What is the tens digit of 693273?
7
What is the ten thousands digit of 4675780?
7
What is the units digit of 17301152?
2
What is the hundred thousands digit of 3501426?
5
What is the units digit of 3491018?
8
What is the thousands digit of 90938?
0
What is the millions digit of 7291401?
7
What is the units digit of 3530606?
6
What is the ten thousands digit of 2950283?
5
What is the hundred thousands digit of 2905004?
9
What is the millions digit of 3839421?
3
What is the hundred thousands digit of 185580?
1
What is the thousands digit of 1437452?
7
What is the tens digit of 1139479?
7
What is the hundreds digit of 4327751?
7
What is the hundreds digit of 37877?
8
What is the ten thousands digit of 2701183?
0
What is the hundred thousands digit of 357570?
3
What is the thousands digit of 39257?
9
What is the units digit of 485639?
9
What is the units digit of 2215794?
4
What is the hundred thousands digit of 19252143?
2
What is the ten thousands digit of 8111584?
1
What is the hundred thousands digit of 12162563?
1
What is the hundred thousands digit of 1836458?
8
What is the thousands digit of 4566938?
6
What is the hundreds digit of 1488349?
3
What is the hundred thousands digit of 4176092?
1
What is the hundreds digit of 649846?
8
What is the thousands digit of 8301433?
1
What is the thousands digit of 294416?
4
What is the ten thousands digit of 137117?
3
What is the tens digit of 324193?
9
What is the thousands digit of 739291?
9
What is the hundreds digit of 14795090?
0
What is the units digit of 2715236?
6
What is the tens digit of 1800272?
7
What is the hundreds digit of 2047842?
8
What is the hundreds digit of 1203626?
6
What is the hundreds digit of 13225261?
2
What is the tens digit of 132548?
4
What is the tens digit of 1162916?
1
What is the units digit of 4193484?
4
What is the hundreds digit of 34342657?
6
What is the hundreds digit of 32309116?
1
What is the hundred thousands digit of 121371?
1
What is the hundreds digit of 76306?
3
What is the hundreds digit of 59567?
5
What is the tens digit of 62734?
3
What is the units digit of 149233?
3
What is the thousands digit of 644912?
4
What is the ten thousands digit of 1298104?
9
What is the thousands digit of 10585090?
5
What is the units digit of 740237?
7
What is the tens digit of 29989213?
1
What is the units digit of 2428133?
3
What is the thousands digit of 6509063?
9
What is the hundreds digit of 136121?
1
What is the millions digit of 7871766?
7
What is the thousands digit of 458545?
8
What is the tens digit of 1827353?
5
What is the hundred thousands digit of 378362?
3
What is the hundred thousands digit of 23086722?
0
What is the tens digit of 4871948?
4
What is the ten thousands digit of 700809?
0
What is the millions digit of 1918060?
1
What is the hundreds digit of 16730866?
8
What is the tens digit of 172834?
3
What is the hundred thousands digit of 15412049?
4
What is the ten thousands digit of 362703?
6
What is the tens digit of 682359?
5
What is the hundreds digit of 9117378?
3
What is the units digit of 141856?
6
What is the ten thousands digit of 140469?
4
What is the thousands digit of 25914?
5
What is the hundred thousands digit of 7275285?
2
What is the units digit of 10342202?
2
What is the hundreds digit of 212786?
7
What is the hundreds digit of 14457?
4
What is the hundred thousands digit of 12593210?
5
What is the hundred thousands digit of 2273473?
2
What is the thousands digit of 1182624?
2
What is the hundred thousands digit of 4470624?
4
What is the hundred thousands digit of 397018?
3
What is the units digit of 7267090?
0
What is the thousands digit of 7137102?
7
What is the units digit of 511376?
6
What is the ten thousands digit of 3155748?
5
What is the hundreds digit of 3975635?
6
What is the tens digit of 7108531?
3
What is the units digit of 50318?
8
What is the thousands digit of 775102?
5
What is the tens digit of 1762491?
9
What is the millions digit of 10552022?
0
What is the thousands digit of 356802?
6
What is the millions digit of 14752599?
4
What is the ten thousands digit of 16376437?
7
What is the millions digit of 16771100?
6
What is the millions digit of 8782894?
8
What is the millions digit of 3394586?
3
What is the hundred thousands digit of 831415?
8
What is the hundred thousands digit of 1422586?
4
What is the tens digit of 879085?
8
What is the ten thousands digit of 394382?
9
What is the thousands digit of 227751?
7
What is the hundred thousands digit of 9995027